t of 103380885?
5
What is the tens digit of 703057194?
9
What is the hundred millions digit of 105988456?
1
What is the hundred millions digit of 208774752?
2
What is the millions digit of 592693366?
2
What is the ten thousands digit of 2336806130?
0
What is the hundred thousands digit of 2268358943?
3
What is the units digit of 1461340473?
3
What is the hundred millions digit of 2592217118?
5
What is the hundred thousands digit of 31899403?
8
What is the thousands digit of 227313140?
3
What is the ten thousands digit of 68222715?
2
What is the hundreds digit of 59424617?
6
What is the ten millions digit of 11531144?
1
What is the hundred thousands digit of 88782353?
7
What is the hundred thousands digit of 678773418?
7
What is the hundred thousands digit of 33227189?
2
What is the millions digit of 350234040?
0
What is the billions digit of 1737735939?
1
What is the ten thousands digit of 40676424?
7
What is the hundred millions digit of 313128903?
3
What is the thousands digit of 1469379032?
9
What is the hundreds digit of 133093747?
7
What is the tens digit of 214263731?
3
What is the units digit of 194538331?
1
What is the hundred thousands digit of 12746065?
7
What is the ten millions digit of 418244929?
1
What is the hundred thousands digit of 566978260?
9
What is the hundred thousands digit of 42930391?
9
What is the ten thousands digit of 323957213?
5
What is the billions digit of 2506727595?
2
What is the ten thousands digit of 278885150?
8
What is the thousands digit of 302748997?
8
What is the tens digit of 250920007?
0
What is the hundreds digit of 67696134?
1
What is the tens digit of 51286126?
2
What is the ten millions digit of 132769232?
3
What is the ten millions digit of 2090779284?
9
What is the units digit of 365300100?
0
What is the thousands digit of 148875212?
5
What is the hundred millions digit of 169138956?
1
What is the units digit of 391931222?
2
What is the units digit of 26533014?
4
What is the hundred millions digit of 3825260022?
8
What is the thousands digit of 61786804?
6
What is the ten thousands digit of 943260682?
6
What is the ten millions digit of 4794967827?
9
What is the tens digit of 58865782?
8
What is the billions digit of 5052367378?
5
What is the ten thousands digit of 10769010?
6
What is the ten millions digit of 5734343450?
3
What is the ten thousands digit of 2562335558?
3
What is the hundred millions digit of 161878722?
1
What is the tens digit of 3895837487?
8
What is the units digit of 41992619?
9
What is the billions digit of 1434691196?
1
What is the ten thousands digit of 1215152447?
5
What is the tens digit of 15775521?
2
What is the ten thousands digit of 97867366?
6
What is the hundreds digit of 164058262?
2
What is the tens digit of 74659671?
7
What is the thousands digit of 1308770192?
0
What is the tens digit of 592711849?
4
What is the hundreds digit of 39094411?
4
What is the ten thousands digit of 8834645301?
4
What is the ten millions digit of 2721005944?
2
What is the thousands digit of 55424024?
4
What is the thousands digit of 733361758?
1
What is the millions digit of 13260938?
3
What is the units digit of 403330885?
5
What is the ten millions digit of 2490967491?
9
What is the ten millions digit of 85014911?
8
What is the hundred thousands digit of 108093785?
0
What is the billions digit of 2119952173?
2
What is the hundreds digit of 533722237?
2
What is the tens digit of 16291381?
8
What is the units digit of 1284309234?
4
What is the millions digit of 1334964456?
4
What is the hundreds digit of 28770658?
6
What is the thousands digit of 48495332?
5
What is the units digit of 252023076?
6
What is the millions digit of 39893907?
9
What is the hundred millions digit of 3906589498?
9
What is the hundred thousands digit of 66768915?
7
What is the millions digit of 145558504?
5
What is the hundreds digit of 517273382?
3
What is the units digit of 64153516?
6
What is the hundred millions digit of 1575967210?
5
What is the hundred millions digit of 5359486870?
3
What is the ten thousands digit of 4657013789?
1
What is the ten thousands digit of 5213748185?
4
What is the thousands digit of 406666782?
6
What is the billions digit of 3149818597?
3
What is the millions digit of 71709684?
1
What is the units digit of 9392355693?
3
What is the ten millions digit of 16889616?
1
What is the hundreds digit of 25636927?
9
What is the hundred millions digit of 641489047?
6
What is the hundred thousands digit of 55034666?
0
What is the hundred millions digit of 1983434560?
9
What is the thousands digit of 9605679?
5
What is the hundreds digit of 26307920?
9
What is the tens digit of 584465308?
0
What is the hundred millions digit of 734208670?
7
What is the hundred millions digit of 437434203?
4
What is the hundred thousands digit of 21826086?
8
What is the ten millions digit of 5332770278?
3
What is the ten millions digit of 2820311408?
2
What is the hundreds digit of 17695490?
4
What is the hundred millions digit of 3674379862?
6
What is the tens digit of 263560152?
5
What is the ten millions digit of 2348110446?
4
What is the tens digit of 82634123?
2
What is the hundred millions digit of 352790938?
3
What is the hundred millions digit of 644102895?
6
What is the thousands digit of 45510369?
0
What is the hundreds digit of 1787487796?
7
What is the thousands digit of 5108525091?
5
What is the hundreds digit of 9741432?
4
What is the millions digit of 323808797?
3
What is the tens digit of 272155432?
3
What is the ten millions digit of 2508716097?
0
What is the ten thousands digit of 1999234687?
3
What is the hundred thousands digit of 5015534?
0
What is the ten millions digit of 570898510?
7
What is the ten millions digit of 170161430?
7
What is the tens digit of 54343720?
2
What is the millions digit of 44183061?
4
What is the millions digit of 5126500051?
6
What is the ten millions digit of 30061498?
3
What is the hundreds digit of 36088680?
6
What is the thousands digit of 2282046409?
6
What is the ten millions digit of 820105926?
2
What is the hundreds digit of 106068619?
6
What is the units digit of 1246837906?
6
What is the units digit of 1996396929?
9
What is the millions digit of 40147217?
0
What is the ten millions digit of 5471574319?
7
What is the ten millions digit of 51597420?
5
What is the billions digit of 1567276174?
1
What is the ten thousands digit of 144793603?
9
What is the units digit of 1384686629?
9
What is the ten thousands digit of 9127542?
2
What is the tens digit of 1323732041?
4
What is the thousands digit of 3105714727?
4
What is the units digit of 3731308233?
3
What is the units digit of 25822423?
3
What is the hundred millions digit of 896789728?
8
What is the ten millions digit of 3537191244?
3
What is the thousands digit of 1977043385?
3
What is the thousands digit of 452221229?
1
What is the ten thousands digit of 1560999201?
9
What is the thousands digit of 21726138?
6
What is the hundreds digit of 94038181?
1
What is the ten thousands digit of 318599857?
9
What is the ten millions digit of 1472083920?
7
What is the tens digit of 180260281?
8
What is the ten millions digit of 2172450437?
7
What is the tens digit of 4134775156?
5
What is the millions digit of 91447447?
1
What is the ten millions digit of 455486886?
5
What is the hundred millions digit of 473391259?
4
What is the hundred thousands digit of 572684584?
6
What is the hundred millions digit of 1628901136?
6
What is the tens digit of 49986415?
1
What is the units digit of 6674039?
9
What is the ten millions digit of 146110760?
4
What is the thousands digit of 112368289?
8
What is the thousands digit of 3471120?
1
What is the ten millions digit of 1699923502?
9
What is the millions digit of 116558837?
6
What is the ten millions digit of 726055105?
2
What is the hundred thousands digit of 1555087340?
0
What is the hundred thousands digit of 725520?
7
What is the ten thousands digit of 21881441?
8
What is the thousands digit of 89558831?
8
What is the ten thousands digit of 43568244?
6
What is the thousands digit of 197310121?
0
What is the ten millions digit of 1325772832?
2
What is the hundred thousands digit of 116753285?
7
What is the hundred millions digit of 676868783?
6
What is the hund